284, 3*x = -4*p + 426. List the prime factors of x.
2, 71
Let g(l) be the first derivative of -l**5/60 + l**4/4 - l**3/6 - l**2/2 - 2. Let i(x) be the second derivative of g(x). What are the prime factors of i(5)?
2
Suppose 5*z = -3*k - 90 + 13, k = 2*z + 22. Let y = z + 91. What are the prime factors of y?
2, 3, 13
Let i(y) = y**3 + 14*y**2 - 9*y + 5. Let n be i(-14). Suppose n = 4*d - 245. What are the prime factors of d?
2, 47
Suppose 5*i - 1710 = -4*c - 40, -i - 2 = 0. Suppose 4*a = 6*a - c. List the prime factors of a.
2, 3, 5, 7
Let i = -629 + 913. Suppose -50 = -0*z - z - 5*r, -4*z + i = -r. List the prime factors of z.
2, 5, 7
Let s = 255 + 152. What are the prime factors of s?
11, 37
Let v be 1/((-1 + 2)/1). Let i(k) = -4 + k - v + 7. List the prime factors of i(0).
2
Suppose -p + 5*z = -2*p - 11, 12 = -4*z. Suppose 0 = -p*g + 41 + 167. List the prime factors of g.
2, 13
Let n = 716 - 305. List the prime factors of n.
3, 137
Let d be (6/2*1)/1. Let k be 22/d + (-2)/(-3). Suppose -k*g = -3*g - 130. What are the prime factors of g?
2, 13
Suppose -4*n = -2*n - 486. Suppose 4*l = l + n. List the prime factors of l.
3
Suppose 120*g - y = 123*g - 2689, -2*g + y = -1786. What are the prime factors of g?
5, 179
Suppose 0 = a - 5*q + 26 - 1697, 4*q + 3330 = 2*a. List the prime factors of a.
11, 151
List the prime factors of (-457)/(-7) + 112/(-392).
5, 13
Let y be (6/5)/3*-95. Let a be -7*(-1 + 106/(-14)). Let c = a + y. List the prime factors of c.
2, 11
Suppose 12 = -o + 4*o. Suppose -118 = -x - 2*m + 4*m, -3*x + 2*m + 358 = 0. Suppose 0 = o*t - t + 4*u - 101, -3*u = -5*t + x. What are the prime factors of t?
3
Let i(w) = w**2 - 6*w - 5. Let g be i(7). List the prime factors of 6003/63 + g/(-7).
5, 19
Let z = 153 + 502. What are the prime factors of z?
5, 131
Let q(u) = -2*u. Let a = -3 - -8. Suppose -s - a = 4*s. What are the prime factors of q(s)?
2
Let u(j) = j**3 - 11*j**2 - 13*j + 15. Let f be u(12). Suppose -2*r = -f*x + 22, 0 = 3*r - 2*x - 3*x + 35. Let w = 31 + r. List the prime factors of w.
2, 13
Suppose 21 - 3 = 6*r. Suppose 0 = r*d - 0*d - 207. Suppose 167 + d = 4*p. What are the prime factors of p?
59
Let c(v) = 8*v**2 + 4*v - 4. Let d be (-7)/((-35)/(-10))*(-15)/(-6). List the prime factors of c(d).
2, 11
Let d = -58 + 38. Let p = 61 - d. List the prime factors of p.
3
Suppose 8*c = 7*c - 2. Let u be -3 + 1 - c*1. Suppose -s - 5*q + 34 + 6 = u, 4*q = s + 5. What are the prime factors of s?
3, 5
Let a(v) = 2*v**2 + 3*v + 2. Suppose -3*p - 9 = -3*m, -2*m = 2*p - 0*p + 2. Let h be a(p). Suppose 0 = -h*n + 119 + 5. List the prime factors of n.
31
Let p(d) be the second derivative of 0 + 1/20*d**5 - 5/12*d**4 + 1/2*d**3 - d**2 + 2*d. List the prime factors of p(6).
2, 13
Let p(u) = 150*u + 50. What are the prime factors of p(7)?
2, 5, 11
Suppose 43*w - 71*w + 62692 = 0. What are the prime factors of w?
2239
Let p = 41 - -179. Suppose -7*z + p = -60. List the prime factors of z.
2, 5
Let f = -18 - -31. Let l(j) = 8 - f*j**2 + 14*j**2 + 4 - 15*j. List the prime factors of l(15).
2, 3
Let q be (-4)/(-8) + (-38)/(-4). Let m(k) = k**3 - 11*k**2 + 9*k + 6. Let c be m(q). List the prime factors of (c - -14)/((-1)/(-3)).
2, 3, 5
Let t = -167 - -465. List the prime factors of t.
2, 149
Suppose -5*b - 207 = -2*a, 4*b + 193 = 4*a - 227. Suppose 3*u + 160 = -2*p, -2*u - 3*p = -p + a. Let q = 77 + u. What are the prime factors of q?
23
Suppose -2*y - 4*l + 2 + 0 = 0, 3*y + 4*l = 7. Let u be (y/(-15))/(2/(-12)). Suppose u*c = -3*c + 110. List the prime factors of c.
2, 11
Let o = 342 - 671. Let t = 482 + o. What are the prime factors of t?
3, 17
Suppose 3*t = 2*x + 66, 2*t + 4*x - 11 = 17. Suppose 0 = g + 3*g - t. Suppose g*z = 3*a - 78, 2*a - 7*a + 130 = z. List the prime factors of a.
2, 13
Let z = -854 + 1894. What are the prime factors of z?
2, 5, 13
Suppose 0 = -27*a + 6*a. Let v be 3 - 1 - (-1 - 0). Suppose -j + 5*x = -48, a*j + v*x - 8 = -j. List the prime factors of j.
23
Let x be (4/10)/(2/(-30)). Suppose -h - 4*r + 9 = 0, h - 2*r + 0*r - 3 = 0. Let s = h - x. What are the prime factors of s?
11
List the prime factors of 1*((-977)/(-2) + (-2)/(-4)).
3, 163
Suppose 350 = 2*v + 4*t, v = -4*v - 2*t + 883. Let w = -81 + v. Suppose d + 95 = 3*a - d, -4*a + w = 5*d. List the prime factors of a.
29
Let n be (-745)/35 - (36/(-28) + 1). Let h = -43 - -12. Let f = n - h. What are the prime factors of f?
2, 5
Let t(w) = w**3 + 6*w**2 + 2*w - 13. Let d be t(-5). Suppose 4*n - n = 9, d*k - 233 = -3*n. List the prime factors of k.
2, 7
Suppose -45*a + 3493 = -26747. List the prime factors of a.
2, 3, 7
What are the prime factors of (-6)/(-51) + (-2187)/(-51)?
43
Suppose -24*g - 26*g = -105600. What are the prime factors of g?
2, 3, 11
Let m = 7198 - 4525. List the prime factors of m.
3, 11
Let y(h) = 155*h - 103. What are the prime factors of y(6)?
827
Suppose 3 - 1 = l. Suppose -v - l = -2*v. Suppose 0 = -v*a + a + 18. List the prime factors of a.
2, 3
Let a = 165 - -19. List the prime factors of a.
2, 23
What are the prime factors of 659/(0 - 4 - 2 - -7)?
659
Let c(v) be the third derivative of -13*v**4/24 - v**3/6 - 5*v**2. List the prime factors of c(-5).
2
List the prime factors of (-3 - (-1620)/8)*(-80)/(-60).
2, 7, 19
Suppose -2*x - 2 + 0 = 0. Let c be -18*x/(-2)*-1. Suppose 116 = -5*l + c*l. What are the prime factors of l?
29
Let w(d) = d**3 - 2*d**2 + 21*d - 163. What are the prime factors of w(6)?
107
Let n(h) = -2*h. Let t be n(-1). Suppose -2*d + 54 = t*d - 3*q, -4*q + 53 = 3*d. List the prime factors of (2 + 0)*(d - 2).
2, 13
Let r(v) = 24*v - 1. Suppose -2*o = i, -7*i + 3*i - 4*o = -12. List the prime factors of r(i).
11, 13
Suppose 2*y - 4*a = 26 + 36, 4*y = 3*a + 134. Let s = y + -29. What are the prime factors of s?
2, 3
Let u be -38 + 1/(-1 + 0). Suppose 94 = -3*k - 2*m, 5*m + 30 - 5 = 0. Let f = k - u. What are the prime factors of f?
11
Let f(k) = 2*k - 2. Let a be f(2). Suppose -a*b + 15 = b. Suppose 0 = -b*t + t + 28. What are the prime factors of t?
7
Let u be 3*((-348)/16 + 2/(-8)). Let z = -48 - u. List the prime factors of z.
2, 3
Suppose -5*c = 2*r + 3, -r - 4*c - 2 = -c. Let x(p) = 109*p**2 - p + 2. What are the prime factors of x(r)?
2, 5, 11
Let x(v) = v**3 - 13*v**2 + 12*v - 7. List the prime factors of x(15).
7, 89
Suppose 3*x + 4 = 4*b, 4*b - 16 = -0*b. Suppose 3*m + 5*c - 89 = -34, 0 = -x*m - 4*c + 60. List the prime factors of m.
2, 5
Let h = 45 - 27. Suppose h*s - 14*s - 220 = 0. List the prime factors of s.
5, 11
Let o be -296 - (-15)/3 - 3/(-1). Let a = 442 + o. What are the prime factors of a?
2, 7, 11
Suppose -19 - 8 = 3*y. Let x(u) = 2*u**2 + 7*u + 6. Let a be x(y). What are the prime factors of a/(-10)*(-3 - -1)?
3, 7
Let l(v) = -v**3 + 4*v**2 + 9*v - 14. Let c(i) = -i**3 + 3*i**2 + 10*i - 15. Let x(t) = -2*c(t) + 3*l(t). What are the prime factors of x(5)?
2, 3
Let p(f) = 48 - 5*f - 2*f - f + 6*f. What are the prime factors of p(0)?
2, 3
Suppose 5*o = -s + o - 37, -2*s - o - 74 = 0. Let c = 68 + s. What are the prime factors of c?
31
Suppose 0 = 3*d - 8*d + 910. Suppose -y = 2*z - 58, 0 = -4*y - 3*z + 5*z + d. What are the prime factors of y?
2, 3
Let w be ((-6)/4)/(12/(-32)). What are the prime factors of -1*(w + -3) + 21?
2, 5
Let y = -24 - -20. Let t = y + 62. List the prime factors of t.
2, 29
Let f(p) be the second derivative of p**4/6 - 5*p**3/6 - 11*p**2/2 - 3*p. List the prime factors of f(6).
31
Let v(l) = l**3 + 10*l**2 - 24*l + 14. Let a be v(-12). List the prime factors of 158 + a/6 + 4/(-12).
2, 5
Suppose -10*y + i = -9*y - 2824, -4*i = 4*y - 11256. What are the prime factors of y?
2819
Suppose -11*a + 618 = -8*a. Let t = a - 115. List the prime factors of t.
7, 13
Let w = 22 - 12. Let q = w + 113. What are the prime factors of q?
3, 41
Let i(x) be the third derivative of x**6/120 - x**5/60 + x**4/6 + x**3/6 - 13*x**2. List the prime factors of i(3).
31
Let s be (-1)/(-2)*(2 - -1544). Suppose 5*j - 4*w = s, -3*j - 4*w + w + 453 = 0. What are the prime factors of (2/(-6))/((-1)/j)?
3, 17
Let w = -766 - -1237. What are the prime factors of w?
3, 157
Let n = 454 + -250. Suppose -n = -4*g + 32. What are the prime factors of g?
59
Let j = -44 + 51. Let x(g) = -g**2 + 20*g + 16. List the prime fa